101111101 (base 2) to base 6.
-12513
89c7 (base 13) to base 16
4b3c
Convert 320 (base 6) to base 2.
1111000
What is 158c (base 16) in base 13?
2684
-20210 (base 4) to base 12
-398
What is -541 (base 16) in base 9?
-1754
What is 20032 (base 4) in base 8?
1016
12112210 (base 3) to base 14
168c
What is 5410 (base 6) in base 4?
103032
Convert 140b8 (base 13) to base 2.
1001001001111100
Convert 2131002 (base 4) to base 16.
2742
34341 (base 6) to base 9
6627
What is -3132 (base 6) in base 12?
-4a8
40b (base 15) to base 14
491
Convert e1 (base 15) to base 11.
182
Convert -1214 (base 8) to base 11.
-543
What is 1a3 (base 12) in base 15?
12c
-110111010010011 (base 2) to base 15
-85c2
Convert -425 (base 14) to base 16.
-331
What is -100011110 (base 3) in base 9?
-10143
What is d574 (base 16) in base 5?
3222034
Convert 261144 (base 7) to base 10.
48444
Convert -11001011001 (base 2) to base 15.
-735
Convert 4584 (base 15) to base 12.
8651
-4108 (base 14) to base 16
-2bac
Convert 4ac6 (base 16) to base 4.
10223012
6990 (base 16) to base 7
141534
Convert 541455 (base 6) to base 2.
1010110110101011
What is 13 (base 4) in base 14?
7
Convert 52123 (base 7) to base 9.
18444
-202031 (base 4) to base 13
-cc5
What is 1047 (base 8) in base 15?
26b
What is -12397 (base 11) in base 4?
-10111230
Convert -657 (base 8) to base 16.
-1af
580 (base 13) to base 15
434
-43130 (base 6) to base 9
-8060
Convert 13301 (base 4) to base 10.
497
Convert -5300 (base 6) to base 7.
-3315
Convert -643 (base 8) to base 9.
-515
Convert -1170 (base 11) to base 3.
-2002122
-277 (base 11) to base 16
-146
What is a06 (base 11) in base 7?
3355
What is -401020 (base 5) in base 4?
-3011123
2a87 (base 12) to base 2
1001110000111
What is -10130331 (base 4) in base 15?
-560c
What is b2d2 (base 15) in base 8?
111614
Convert -45a (base 14) to base 10.
-864
-5982 (base 16) to base 4
-11212002
Convert 36897 (base 12) to base 9.
122257
What is 3757 (base 8) in base 15?
906
Convert -3122300 (base 4) to base 9.
-21175
What is -5a (base 16) in base 9?
-110
110221110 (base 3) to base 13
43aa
Convert -10311 (base 14) to base 4.
-21201223
Convert -9325 (base 10) to base 12.
-5491
Convert 928 (base 13) to base 5.
22210
What is 2234021 (base 5) in base 12?
1b0ba
Convert -585 (base 10) to base 2.
-1001001001
Convert 3115 (base 6) to base 11.
582
-1136 (base 9) to base 10
-843
Convert c1a (base 15) to base 11.
2058
-2178 (base 9) to base 14
-830
267d (base 16) to base 5
303403
-13002113 (base 4) to base 7
-150014
46643 (base 8) to base 16
4da3
What is -31a (base 14) in base 3?
-211200
Convert -27167 (base 9) to base 6.
-221011
Convert 11022120 (base 3) to base 16.
c4b
What is 110101101 (base 2) in base 9?
526
What is 31300 (base 4) in base 8?
1560
-1100220 (base 3) to base 5
-12441
What is -202 (base 16) in base 4?
-20002
Convert 111020 (base 5) to base 11.
2a12
42141 (base 6) to base 3
21210021
What is -51334 (base 7) in base 9?
-18151
What is 559 (base 12) in base 5?
11124
Convert -10661 (base 7) to base 5.
-41423
4cc (base 14) to base 7
2545
Convert -9aa (base 15) to base 3.
-2222221
1051 (base 7) to base 3
112001
Convert -20642 (base 9) to base 4.
-3111032
What is 1122012200 (base 3) in base 16?
7de5
Convert 399 (base 10) to base 16.
18f
-5363 (base 7) to base 10
-1907
Convert -105 (base 15) to base 2.
-11100110
Convert 30302 (base 9) to base 4.
10313120
Convert -11101111101 (base 2) to base 12.
-1139
Convert 51 (base 7) to base 8.
44
Convert 177 (base 15) to base 9.
414
What is 1a0 (base 12) in base 8?
410
What is -1567 (base 11) in base 9?
-2672
1260 (base 7) to base 11
3aa
-77674 (base 8) to base 5
-2021300
1d7 (base 15) to base 3
120211
Convert -212121221 (base 3) to base 16.
-4348
-10114 (base 7) to base 15
-ae1
What is 2314 (base 8) in base 15?
56d
What is 20111222 (base 4) in base 2?
1000010101101010
Convert 30113 (base 4) to base 11.
65a
Convert -2b6 (base 15) to base 7.
-1545
2121 (base 7) to base 10
750
132 (base 4) to base 5
110
What is -2641 (base 13) in base 10?
-5461
-1212022 (base 3) to base 15
-608
Convert -102230 (base 4) to base 12.
-838
111100010 (base 2) to base 6
2122
Convert -1b2c (base 16) to base 3.
-100112122
Convert -4a0 (base 11) to base 13.
-369
What is -3555 (base 6) in base 16?
-35f
What is -259 (base 10) in base 6?
-1111
-7ac7 (base 14) to base 9
-32244
Convert 5e44 (base 16) to base 14.
8b1a
1401 (base 6) to base 12
261
Convert -4034 (base 5) to base 2.
-1000000111
797b (base 12) to base 9
20445
What is 141 (base 8) in base 10?
97
21021 (base 6) to base 2
101100000101
What is -3786 (base 11) in base 4?
-1031012
Convert 221211 (base 3) to base 16.
2b9
Convert -251b (base 12) to base 6.
-31235
What is -10365 (base 8) in base 4?
-1003311
What is 25305 (base 7) in base 6?
50513
What is 101111001 (base 2) in base 6?
1425
What is 1007a (base 11) in base 12?
8634
1655 (base 7) to base 5
10202
2d9 (base 15) to base 2
1010001110
What is 2867 (base 13) in base 10?
5831
What is 698 (base 10) in base 9?
855
What is -10017 (base 8) in base 2?
-1000000001111
2100122012 (base 3) to base 15
db2b
Convert 63 (base 12) to base 8.
113
What is 4559 (base 12) in base 13?
3675
36721 (base 8) to base 3
210201010
What is 401 (base 5) in base 9?
122
39 (base 11) to base 9
46
-451 (base 10) to base 16
-1c3
What is -201 (base 15) in base 11?
-380
What is -1343 (base 14) in base 2?
-110100111111
101110 (base 2) to base 12
3a
What is -163034 (base 7) in base 13?
-118c1
-232 (base 9) to base 16
-bf
What is 157 (base 12) in base 5?
1321
44251 (base 7) to base 15
345a
26aa (base 14) to base 10
6814
-35 (base 11) to base 14
-2a
What is -2d6 (base 16) in base 3?
-222220
What is -81d1 (base 14) in base 13?
-a21a
What is -3700 (base 9) in base 4?
-223002
What is 119 (base 11) in base 10?
141
What is -1420 (base 6) in base 7?
-1041
Convert 7735 (base 9) to base 15.
1a52
Convert -31230 (base 4) to base 5.
-12001
What is 2094 (base 15) in base 6?
51521
What is 2751 (base 8) in base 6?
11001
223 (base 16) to base 13
331
Convert -1010101101 (base 2) to base 14.
-36d
What is -457 (base 10) in base 5?
-3312
547 (base 13) to base 10
904
Convert 100010100100 (base 2) to base 10.
2212
What is -1029 (base 15) in base 2?
-110101010110
-27567 (base 10) to base 7
-143241
Convert 102220 (base 3) to base 11.
272
Convert 218 (base 12) to base 11.
260
What is 54011 (base 6) in base 14?
2971
Convert -340b (base 16) to base 4.
-3100023
What is 21a36 (base 12) in base 7?
244161
What is -11002 (base 5) in base 14?
-3ba
What is -114033 (base 7) in base 10?
-20604
Convert 10001000111 (base 2) to base 7.
3123
-5050 (base 9) to base 8
-7152
-1698c (base 14) to base 12
-28a28
Convert 1187 (base 16) to base 2.
1000110000111
What is 11203 (base 4) in base 15?
18a
Convert -273 (base 11) to base 7.
-640
-607 (base 10) to base 6
-2451
36530 (base 8) to base 15
49be
What is 7ff (base 16) in base 3?
2210211
9c8 (base 14) to base 8
3624
What is 8059 (base 14) in base 3?
1010012222
Convert 2ef (base 16) to base 15.
351
Convert 1304301 (base 5) to base 15.
78a1
Convert 14 (base 15) to base 7.
25
What is -2962 (base 10) in base 4?
-232102
55072 (base 8) to base 3
1011200111
-2192 (base 14) to base 15
-1ac7
What is 260 (base 13) in base 10?
416
Convert -b94 (base 12) to base 11.
-1302
Convert -103433 (base 7) to base 15.
-553b
Convert -75 (base 9) to base 2.
-1000100
Convert 51034 (base 8) to base 5.
1133040
What is -4443 (base 7) in base 4?
-120333
-1100000111010010 (base 2) to base 12
-2486a
-20330 (base 4) to base 11
-480
Convert 1541 (base 15) to base 16.
11d1
10110110 (base 2) to base 9
222
What is -390 (base 14) in base 16?
-2ca
What is 101000101011 (base 2) in base 7?
10406
Convert 5130 (base 16) to base 10.
20784
What is e418 (base 15) in base 9?
73065
20333 (base 7) to base 3
20211012
What is 10a8 (base 12) in base 13?
aca
Convert -4240 (base 14) to base 6.
-124520
What is 732 (base 11) in base 9?
1180
What is 23a (base 13) in base 15?
1ac
150a9 (base 12) to base 8
71501
-113 (base 6) to base 3
-1200
-10434 (base 7) to base 8
-5076
45d (base 16) to base 10
1117
What is -88c (base 15) in base 10?
-1932
What is -453 (base 8) in base 10?
-299
-211111 (base 5) to base 14
-27c3
10311220 (base 4) to base 5
1113231
What is -1943 (base 12) in ba